{"id":1001,"date":"2022-10-01T14:15:52","date_gmt":"2022-10-01T13:15:52","guid":{"rendered":"https:\/\/freeact.eu\/?page_id=1001"},"modified":"2022-10-01T16:54:47","modified_gmt":"2022-10-01T15:54:47","slug":"med-husbilen-2021","status":"publish","type":"page","link":"https:\/\/freeact.eu\/?page_id=1001","title":{"rendered":"Med Husbilen 2021"},"content":{"rendered":"<p>2021 andra sommaren efter pandemiutbrottet har allt i stort sett \u00e5terg\u00e5tt till det normala.<br \/>\n<strong>Vi b\u00f6rjar sommaren med en tur till v\u00e4stkusten.<\/strong><\/p>\n<p>Del 1: Via \u00d6rebro till Lysekil<\/p>\n<p><iframe loading=\"lazy\" width=\"560\" height=\"315\" src=\"https:\/\/www.youtube.com\/embed\/gHIg_Lh84Vk\" title=\"YouTube video player\" frameborder=\"0\" allow=\"accelerometer; autoplay; clipboard-write; encrypted-media; gyroscope; picture-in-picture\" allowfullscreen><\/iframe><\/p>\n<p>Del 2: Bilf\u00e4rjor mot Falkenberg d\u00e4r \u00e4ven gasolniv\u00e5n kollas. Ute p\u00e5 Kullahalv\u00f6n kommer vi till Arilds ving\u00e5rd.<\/p>\n<p><iframe loading=\"lazy\" width=\"560\" height=\"315\" src=\"https:\/\/www.youtube.com\/embed\/z0VCs5f9Qjo\" title=\"YouTube video player\" frameborder=\"0\" allow=\"accelerometer; autoplay; clipboard-write; encrypted-media; gyroscope; picture-in-picture\" allowfullscreen><\/iframe><\/p>\n<p>Del 3: Sofiero, Landskrona, Ystad och Tomelilla p\u00e5 denna etapp.<\/p>\n<p><iframe loading=\"lazy\" width=\"560\" height=\"315\" src=\"https:\/\/www.youtube.com\/embed\/01UY2m-9Ouo\" title=\"YouTube video player\" frameborder=\"0\" allow=\"accelerometer; autoplay; clipboard-write; encrypted-media; gyroscope; picture-in-picture\" allowfullscreen><\/iframe><\/p>\n<p>Del 4: Nostalgimuseet i Tomelilla, V\u00e4la camping och Kiviks marknad.<\/p>\n<p><iframe loading=\"lazy\" width=\"560\" height=\"315\" src=\"https:\/\/www.youtube.com\/embed\/dhTz9-od7gg\" title=\"YouTube video player\" frameborder=\"0\" allow=\"accelerometer; autoplay; clipboard-write; encrypted-media; gyroscope; picture-in-picture\" allowfullscreen><\/iframe><\/p>\n<p><strong>Sensommar resa till Gotland.<\/strong><\/p>\n<p>Del 1: Norderstrands camping och s\u00e4ngbestyr<\/p>\n<p><iframe loading=\"lazy\" width=\"560\" height=\"315\" src=\"https:\/\/www.youtube.com\/embed\/x7fe5QSuzUo\" title=\"YouTube video player\" frameborder=\"0\" allow=\"accelerometer; autoplay; clipboard-write; encrypted-media; gyroscope; picture-in-picture\" allowfullscreen><\/iframe><\/p>\n<p>Del 2: Lite golf, Bl\u00e4se kalkbruks museum och Ingmar Bergmans F\u00e5r\u00f6<\/p>\n<p><iframe loading=\"lazy\" width=\"560\" height=\"315\" src=\"https:\/\/www.youtube.com\/embed\/aA10dXb0hGo\" title=\"YouTube video player\" frameborder=\"0\" allow=\"accelerometer; autoplay; clipboard-write; encrypted-media; gyroscope; picture-in-picture\" allowfullscreen><\/iframe><\/p>\n","protected":false},"excerpt":{"rendered":"<p>2021 andra sommaren efter pandemiutbrottet har allt i stort sett \u00e5terg\u00e5tt till det normala. Vi b\u00f6rjar sommaren med en tur till v\u00e4stkusten. Del 1: Via \u00d6rebro till Lysekil Del 2: Bilf\u00e4rjor mot Falkenberg d\u00e4r \u00e4ven gasolniv\u00e5n kollas. Ute p\u00e5 Kullahalv\u00f6n kommer vi till Arilds ving\u00e5rd. Del 3: Sofiero, Landskrona, Ystad och Tomelilla p\u00e5 denna etapp. &hellip; <a href=\"https:\/\/freeact.eu\/?page_id=1001\" class=\"more-link\">Forts\u00e4tt l\u00e4sa <span class=\"screen-reader-text\">Med Husbilen 2021<\/span> <span class=\"meta-nav\">&rarr;<\/span><\/a><\/p>\n","protected":false},"author":1,"featured_media":0,"parent":0,"menu_order":0,"comment_status":"closed","ping_status":"closed","template":"","meta":[],"_links":{"self":[{"href":"https:\/\/freeact.eu\/index.php?rest_route=\/wp\/v2\/pages\/1001"}],"collection":[{"href":"https:\/\/freeact.eu\/index.php?rest_route=\/wp\/v2\/pages"}],"about":[{"href":"https:\/\/freeact.eu\/index.php?rest_route=\/wp\/v2\/types\/page"}],"author":[{"embeddable":true,"href":"https:\/\/freeact.eu\/index.php?rest_route=\/wp\/v2\/users\/1"}],"replies":[{"embeddable":true,"href":"https:\/\/freeact.eu\/index.php?rest_route=%2Fwp%2Fv2%2Fcomments&post=1001"}],"version-history":[{"count":4,"href":"https:\/\/freeact.eu\/index.php?rest_route=\/wp\/v2\/pages\/1001\/revisions"}],"predecessor-version":[{"id":1013,"href":"https:\/\/freeact.eu\/index.php?rest_route=\/wp\/v2\/pages\/1001\/revisions\/1013"}],"wp:attachment":[{"href":"https:\/\/freeact.eu\/index.php?rest_route=%2Fwp%2Fv2%2Fmedia&parent=1001"}],"curies":[{"name":"wp","href":"https:\/\/api.w.org\/{rel}","templated":true}]}}