{"id":681,"date":"2014-11-05T17:30:31","date_gmt":"2014-11-05T16:30:31","guid":{"rendered":"http:\/\/freeact.eu\/?page_id=681"},"modified":"2018-02-22T12:09:08","modified_gmt":"2018-02-22T11:09:08","slug":"filmer","status":"publish","type":"page","link":"https:\/\/freeact.eu\/?page_id=681","title":{"rendered":"\u00c4ldre Filmer"},"content":{"rendered":"<h5><strong>H\u00e4r en del lite \u00e4ldre filmer.<\/strong><\/h5>\n<ul>\n<li><strong>Fridge fan in homecar<\/strong> how to improve cooling in fridge and freezer with one or two fans behind the cabinet. The amount of propan you save is a bonus. We also use a 150W solar panel to ensure batteries reload during sunny days.<\/li>\n<\/ul>\n<p><iframe loading=\"lazy\" src=\"https:\/\/www.youtube.com\/embed\/Tv8W56ly68I?rel=0\" width=\"256\" height=\"144\" frameborder=\"0\" allowfullscreen=\"allowfullscreen\"><\/iframe> <a href=\"https:\/\/www.youtube.com\/embed\/Tv8W56ly68I?rel=0\" target=\"_blank\" rel=\"noopener\">Enlarge view.<\/a><\/p>\n<ul>\n<li><strong>Laganrasten<\/strong> en av mina f\u00f6rsta kortfilmer. Filmades under juli 2011 och las upp p\u00e5 youtube senare under h\u00f6sten samma \u00e5r.<\/li>\n<\/ul>\n<p><iframe loading=\"lazy\" src=\"http:\/\/www.youtube.com\/embed\/4kdkzQ-ceNc?rel=0\" width=\"256\" height=\"160\" frameborder=\"0\"><\/iframe>\u00a0<a href=\"http:\/\/youtu.be\/4kdkzQ-ceNc\" target=\"_blank\" rel=\"noopener\">St\u00f6rre visning.<\/a><\/p>\n<ul>\n<li><strong>\u00d6land, Museiej\u00e4rnv\u00e4g<\/strong> \u00e4r en kort sekvens tagen med en enkel stillbildskamera (Canon A530) som egentligen inte alls l\u00e4mpar sig f\u00f6r film.<br \/>\nDen visar \u00e4nd\u00e5 att man kan dokumentera h\u00e4ndelser som dyker upp och med lite redigering \u00e4ven g\u00f6ras lite mer sp\u00e4nnande.<\/li>\n<\/ul>\n<p><iframe loading=\"lazy\" src=\"http:\/\/www.youtube.com\/embed\/-8urg23yzAw?rel=0\" width=\"256\" height=\"160\" frameborder=\"0\"><\/iframe>\u00a0<a href=\"http:\/\/www.youtube.com\/embed\/-8urg23yzAw\" target=\"_blank\" rel=\"noopener\">St\u00f6rre visning.<\/a><\/p>\n<ul>\n<li><strong>Gasolkontroll<\/strong> har jag redigerat och delvis filmat som ett eget projekt sommaren 2012.<\/li>\n<\/ul>\n<p><iframe loading=\"lazy\" src=\"http:\/\/www.youtube.com\/embed\/hHQoPgiGth0?rel=0\" width=\"256\" height=\"144\" frameborder=\"0\"><\/iframe>\u00a0<a href=\"http:\/\/youtu.be\/hHQoPgiGth0\" target=\"_blank\" rel=\"noopener\">St\u00f6rre visning.<\/a><\/p>\n<p>&nbsp;<\/p>\n","protected":false},"excerpt":{"rendered":"<p>H\u00e4r en del lite \u00e4ldre filmer. Fridge fan in homecar how to improve cooling in fridge and freezer with one or two fans behind the cabinet. The amount of propan you save is a bonus. We also use a 150W solar panel to ensure batteries reload during sunny days. Enlarge view. Laganrasten en av mina &hellip; <a href=\"https:\/\/freeact.eu\/?page_id=681\" class=\"more-link\">Forts\u00e4tt l\u00e4sa <span class=\"screen-reader-text\">\u00c4ldre Filmer<\/span> <span class=\"meta-nav\">&rarr;<\/span><\/a><\/p>\n","protected":false},"author":1,"featured_media":0,"parent":0,"menu_order":0,"comment_status":"open","ping_status":"open","template":"","meta":[],"_links":{"self":[{"href":"https:\/\/freeact.eu\/index.php?rest_route=\/wp\/v2\/pages\/681"}],"collection":[{"href":"https:\/\/freeact.eu\/index.php?rest_route=\/wp\/v2\/pages"}],"about":[{"href":"https:\/\/freeact.eu\/index.php?rest_route=\/wp\/v2\/types\/page"}],"author":[{"embeddable":true,"href":"https:\/\/freeact.eu\/index.php?rest_route=\/wp\/v2\/users\/1"}],"replies":[{"embeddable":true,"href":"https:\/\/freeact.eu\/index.php?rest_route=%2Fwp%2Fv2%2Fcomments&post=681"}],"version-history":[{"count":16,"href":"https:\/\/freeact.eu\/index.php?rest_route=\/wp\/v2\/pages\/681\/revisions"}],"predecessor-version":[{"id":916,"href":"https:\/\/freeact.eu\/index.php?rest_route=\/wp\/v2\/pages\/681\/revisions\/916"}],"wp:attachment":[{"href":"https:\/\/freeact.eu\/index.php?rest_route=%2Fwp%2Fv2%2Fmedia&parent=681"}],"curies":[{"name":"wp","href":"https:\/\/api.w.org\/{rel}","templated":true}]}}