{"id":815,"date":"2018-01-10T14:10:26","date_gmt":"2018-01-10T13:10:26","guid":{"rendered":"http:\/\/freeact.eu\/?page_id=815"},"modified":"2019-03-03T15:36:38","modified_gmt":"2019-03-03T14:36:38","slug":"1-tips","status":"publish","type":"page","link":"https:\/\/freeact.eu\/?page_id=815","title":{"rendered":"Hur vi l\u00f6ste det"},"content":{"rendered":"<p>Byte av blinkersglas (smala v\u00e4gar och ett f\u00f6r n\u00e4rg\u00e5nget m\u00f6te).<br \/>\n<iframe loading=\"lazy\" src=\"https:\/\/www.youtube.com\/embed\/zVD3NDWCi2Q?rel=0&amp;showinfo=0\" width=\"560\" height=\"315\" frameborder=\"0\" allowfullscreen=\"allowfullscreen\"><\/iframe>Motorhaveri i instegstrappan, en kunnig fru lagade l\u00e4tt.<br \/>\n<iframe loading=\"lazy\" src=\"https:\/\/www.youtube.com\/embed\/yZ46-J7TYk8?rel=0&amp;showinfo=0\" width=\"560\" height=\"315\" frameborder=\"0\" allowfullscreen=\"allowfullscreen\"><\/iframe><br \/>\nVi hade inte k\u00f6rt p\u00e5 det tomma d\u00e4cket s\u00e5 d\u00e5 fungerar det h\u00e4r.<br \/>\n<iframe loading=\"lazy\" src=\"https:\/\/www.youtube.com\/embed\/WjMUM0oT7vM?rel=0&amp;showinfo=0\" width=\"560\" height=\"315\" frameborder=\"0\" allowfullscreen=\"allowfullscreen\"><\/iframe><br \/>\nF\u00f6rutom service och besiktning.<iframe loading=\"lazy\" src=\"https:\/\/www.youtube.com\/embed\/WcgGxrxy6Yc?rel=0&amp;showinfo=0\" width=\"560\" height=\"315\" frameborder=\"0\" allowfullscreen=\"allowfullscreen\"><\/iframe>Lika viktigt och inget vatten eller \u00e4tbart kvar.<br \/>\n<iframe loading=\"lazy\" src=\"https:\/\/www.youtube.com\/embed\/RGjjOWxCdjk?rel=0&amp;showinfo=0\" width=\"560\" height=\"315\" frameborder=\"0\" allowfullscreen=\"allowfullscreen\"><\/iframe>Tr\u00f6tta batterier och laddning fr\u00e5n solceller<br \/>\n<iframe loading=\"lazy\" src=\"https:\/\/www.youtube.com\/embed\/BvacOxDZ9PU?rel=0&amp;showinfo=0\" width=\"560\" height=\"315\" frameborder=\"0\" allowfullscreen=\"allowfullscreen\"><\/iframe><\/p>\n","protected":false},"excerpt":{"rendered":"<p>Byte av blinkersglas (smala v\u00e4gar och ett f\u00f6r n\u00e4rg\u00e5nget m\u00f6te). Motorhaveri i instegstrappan, en kunnig fru lagade l\u00e4tt. Vi hade inte k\u00f6rt p\u00e5 det tomma d\u00e4cket s\u00e5 d\u00e5 fungerar det h\u00e4r. F\u00f6rutom service och besiktning.Lika viktigt och inget vatten eller \u00e4tbart kvar. Tr\u00f6tta batterier och laddning fr\u00e5n solceller<\/p>\n","protected":false},"author":1,"featured_media":0,"parent":82,"menu_order":0,"comment_status":"closed","ping_status":"closed","template":"page-templates\/full-width.php","meta":[],"_links":{"self":[{"href":"https:\/\/freeact.eu\/index.php?rest_route=\/wp\/v2\/pages\/815"}],"collection":[{"href":"https:\/\/freeact.eu\/index.php?rest_route=\/wp\/v2\/pages"}],"about":[{"href":"https:\/\/freeact.eu\/index.php?rest_route=\/wp\/v2\/types\/page"}],"author":[{"embeddable":true,"href":"https:\/\/freeact.eu\/index.php?rest_route=\/wp\/v2\/users\/1"}],"replies":[{"embeddable":true,"href":"https:\/\/freeact.eu\/index.php?rest_route=%2Fwp%2Fv2%2Fcomments&post=815"}],"version-history":[{"count":19,"href":"https:\/\/freeact.eu\/index.php?rest_route=\/wp\/v2\/pages\/815\/revisions"}],"predecessor-version":[{"id":950,"href":"https:\/\/freeact.eu\/index.php?rest_route=\/wp\/v2\/pages\/815\/revisions\/950"}],"up":[{"embeddable":true,"href":"https:\/\/freeact.eu\/index.php?rest_route=\/wp\/v2\/pages\/82"}],"wp:attachment":[{"href":"https:\/\/freeact.eu\/index.php?rest_route=%2Fwp%2Fv2%2Fmedia&parent=815"}],"curies":[{"name":"wp","href":"https:\/\/api.w.org\/{rel}","templated":true}]}}