{"id":817,"date":"2018-01-10T14:11:16","date_gmt":"2018-01-10T13:11:16","guid":{"rendered":"http:\/\/freeact.eu\/?page_id=817"},"modified":"2018-03-18T18:35:57","modified_gmt":"2018-03-18T17:35:57","slug":"2-forbattringar","status":"publish","type":"page","link":"https:\/\/freeact.eu\/?page_id=817","title":{"rendered":"V\u00e5ra f\u00f6rb\u00e4ttringar"},"content":{"rendered":"<p><strong>Det h\u00e4r \u00e5tg\u00e4rderna tycker vi har inneburit en viss f\u00f6rb\u00e4ttring. \u00c4r man os\u00e4ker l\u00e5ter man en verkstad utf\u00f6ra jobbet.<\/strong><br \/>\nGlassen sm\u00e4lte n\u00e4r det blev hett ute, nu klarar vi 30+ utan h\u00e4rdsm\u00e4lta.\u00a0 In English<strong> <a href=\"https:\/\/freeact.eu\/?page_id=869\" target=\"_blank\" rel=\"noopener\">CPU fan for fridge<\/a><\/strong><br \/>\n<iframe loading=\"lazy\" src=\"https:\/\/www.youtube.com\/embed\/bF44HWXxhuo?rel=0\" width=\"560\" height=\"315\" frameborder=\"0\" allowfullscreen=\"allowfullscreen\"><\/iframe>Oj\u00e4mt vattentryck blev irriterande till slut.<iframe loading=\"lazy\" src=\"https:\/\/www.youtube.com\/embed\/j7GM5Jkgcwo?rel=0\" width=\"560\" height=\"315\" frameborder=\"0\" allowfullscreen=\"allowfullscreen\"><\/iframe>Nu har vi alltid larmat n\u00e4r vi sover eller l\u00e4mnar husbilen.<br \/>\n<iframe loading=\"lazy\" width=\"560\" height=\"315\" src=\"https:\/\/www.youtube.com\/embed\/GhrNoJiQjkA?rel=0&amp;showinfo=0\" frameborder=\"0\" allow=\"autoplay; encrypted-media\" allowfullscreen><\/iframe><\/p>\n","protected":false},"excerpt":{"rendered":"<p>Det h\u00e4r \u00e5tg\u00e4rderna tycker vi har inneburit en viss f\u00f6rb\u00e4ttring. \u00c4r man os\u00e4ker l\u00e5ter man en verkstad utf\u00f6ra jobbet. Glassen sm\u00e4lte n\u00e4r det blev hett ute, nu klarar vi 30+ utan h\u00e4rdsm\u00e4lta.\u00a0 In English CPU fan for fridge Oj\u00e4mt vattentryck blev irriterande till slut.Nu har vi alltid larmat n\u00e4r vi sover eller l\u00e4mnar husbilen.<\/p>\n","protected":false},"author":1,"featured_media":0,"parent":82,"menu_order":0,"comment_status":"closed","ping_status":"closed","template":"page-templates\/full-width.php","meta":[],"_links":{"self":[{"href":"https:\/\/freeact.eu\/index.php?rest_route=\/wp\/v2\/pages\/817"}],"collection":[{"href":"https:\/\/freeact.eu\/index.php?rest_route=\/wp\/v2\/pages"}],"about":[{"href":"https:\/\/freeact.eu\/index.php?rest_route=\/wp\/v2\/types\/page"}],"author":[{"embeddable":true,"href":"https:\/\/freeact.eu\/index.php?rest_route=\/wp\/v2\/users\/1"}],"replies":[{"embeddable":true,"href":"https:\/\/freeact.eu\/index.php?rest_route=%2Fwp%2Fv2%2Fcomments&post=817"}],"version-history":[{"count":10,"href":"https:\/\/freeact.eu\/index.php?rest_route=\/wp\/v2\/pages\/817\/revisions"}],"predecessor-version":[{"id":932,"href":"https:\/\/freeact.eu\/index.php?rest_route=\/wp\/v2\/pages\/817\/revisions\/932"}],"up":[{"embeddable":true,"href":"https:\/\/freeact.eu\/index.php?rest_route=\/wp\/v2\/pages\/82"}],"wp:attachment":[{"href":"https:\/\/freeact.eu\/index.php?rest_route=%2Fwp%2Fv2%2Fmedia&parent=817"}],"curies":[{"name":"wp","href":"https:\/\/api.w.org\/{rel}","templated":true}]}}